of 39529532.
2, 7, 1411769
What are the prime factors of 75699?
3, 13, 647
What are the prime factors of 3502149?
3, 7, 79, 2111
List the prime factors of 77313.
3, 25771
What are the prime factors of 3001164?
2, 3, 19, 13163
What are the prime factors of 93134?
2, 46567
List the prime factors of 3416596.
2, 854149
What are the prime factors of 3817359?
3, 7, 13, 59, 79
List the prime factors of 2959974.
2, 3, 164443
List the prime factors of 721096.
2, 23, 3919
What are the prime factors of 912079?
7, 29, 4493
List the prime factors of 16864320.
2, 3, 5, 11, 1597
What are the prime factors of 1744919?
11, 41, 53, 73
What are the prime factors of 7534064?
2, 23, 59, 347
What are the prime factors of 1255320?
2, 3, 5, 11, 317
List the prime factors of 169864.
2, 17, 1249
List the prime factors of 243217.
13, 53, 353
List the prime factors of 477651.
3, 113, 1409
What are the prime factors of 291068?
2, 72767
List the prime factors of 2766530.
2, 5, 13, 1637
List the prime factors of 848833.
59, 14387
List the prime factors of 34184223.
3, 1721, 2207
List the prime factors of 166396.
2, 17, 2447
What are the prime factors of 13584618?
2, 3, 251567
List the prime factors of 425207.
425207
What are the prime factors of 43957?
113, 389
List the prime factors of 3816361.
397, 9613
What are the prime factors of 998575?
5, 59, 677
What are the prime factors of 1386132?
2, 3, 11, 10501
List the prime factors of 2048733.
3, 8431
What are the prime factors of 2316178?
2, 1158089
List the prime factors of 693111.
3, 463, 499
What are the prime factors of 207700?
2, 5, 31, 67
List the prime factors of 265240.
2, 5, 19, 349
What are the prime factors of 43811?
193, 227
List the prime factors of 1482538.
2, 29, 25561
List the prime factors of 2532386.
2, 359, 3527
What are the prime factors of 403863?
3, 103, 1307
What are the prime factors of 626975?
5, 31, 809
What are the prime factors of 387407?
31, 12497
What are the prime factors of 124646?
2, 62323
What are the prime factors of 1436604?
2, 3, 13, 9209
What are the prime factors of 1366761?
3, 11, 83, 499
List the prime factors of 2007575.
5, 131, 613
List the prime factors of 56797.
13, 17, 257
What are the prime factors of 5338438?
2, 7, 23, 59, 281
List the prime factors of 1692440.
2, 5, 29, 1459
List the prime factors of 5081976.
2, 3, 70583
What are the prime factors of 10203757?
17, 600221
What are the prime factors of 6092210?
2, 5, 609221
What are the prime factors of 1478920?
2, 5, 36973
What are the prime factors of 2120895?
3, 5, 7, 6733
List the prime factors of 11333242.
2, 5666621
List the prime factors of 2669319.
3, 296591
List the prime factors of 267341.
267341
What are the prime factors of 12362997?
3, 4120999
List the prime factors of 4951109.
4951109
What are the prime factors of 1129813?
107, 10559
List the prime factors of 6318357.
3, 727, 2897
What are the prime factors of 93655?
5, 18731
List the prime factors of 4283038.
2, 2141519
What are the prime factors of 2522482?
2, 53, 449
List the prime factors of 1168807.
109, 10723
List the prime factors of 4059077.
11, 369007
List the prime factors of 11665044.
2, 3, 173, 1873
What are the prime factors of 441779?
13, 17, 1999
What are the prime factors of 1682217?
3, 409, 457
What are the prime factors of 325076?
2, 181, 449
What are the prime factors of 618558?
2, 3, 103093
List the prime factors of 786816.
2, 3, 683
What are the prime factors of 1138688?
2, 139
What are the prime factors of 9845586?
2, 3, 546977
List the prime factors of 1332847.
1332847
What are the prime factors of 7078270?
2, 5, 707827
What are the prime factors of 15575901?
3, 11, 471997
What are the prime factors of 583308?
2, 3, 11, 491
List the prime factors of 191934.
2, 3, 10663
What are the prime factors of 280309?
59, 4751
What are the prime factors of 34854954?
2, 3, 5809159
What are the prime factors of 5219437?
569, 9173
What are the prime factors of 1123894?
2, 561947
List the prime factors of 2733635.
5, 89, 6143
What are the prime factors of 27088?
2, 1693
What are the prime factors of 199332?
2, 3, 7, 113
What are the prime factors of 5166806?
2, 89, 29027
What are the prime factors of 3117147?
3, 11, 59, 1601
List the prime factors of 23412693.
3, 19, 410749
List the prime factors of 116845.
5, 23369
List the prime factors of 234381.
3, 7, 11161
What are the prime factors of 296624?
2, 18539
List the prime factors of 668031.
3, 7, 13, 2447
List the prime factors of 8100941.
853, 9497
What are the prime factors of 8012412?
2, 3, 74189
What are the prime factors of 159073?
159073
What are the prime factors of 1560437?
89, 197
List the prime factors of 6015313.
43, 139891
List the prime factors of 2994595.
5, 37, 16187
List the prime factors of 236627.
236627
List the prime factors of 3416275.
5, 136651
List the prime factors of 28431928.
2, 7, 507713
What are the prime factors of 6231287?
173, 181, 199
What are the prime factors of 3151969?
307, 10267
What are the prime factors of 1784966?
2, 17, 47, 1117
List the prime factors of 942273.
3, 11633
List the prime factors of 110375.
5, 883
List the prime factors of 368488.
2, 46061
List the prime factors of 15244946.
2, 79, 96487
List the prime factors of 476244.
2, 3, 13229
List the prime factors of 1470901.
43, 79, 433
List the prime factors of 290471.
290471
List the prime factors of 589814.
2, 79, 3733
List the prime factors of 6835327.
59, 115853
List the prime factors of 1245079.
11, 113189
What are the prime factors of 13575224?
2, 13, 130531
What are the prime factors of 541679?
59, 9181
List the prime factors of 764069.
97, 7877
List the prime factors of 14302218.
2, 3, 7, 48647
What are the prime factors of 191974?
2, 95987
What are the prime factors of 12941699?
53, 61, 4003
What are the prime factors of 614301?
3, 97, 2111
What are the prime factors of 3231898?
2, 1615949
What are the prime factors of 247656?
2, 3, 17, 607
List the prime factors of 16854554.
2, 1153, 7309
List the prime factors of 548960.
2, 5, 47, 73
List the prime factors of 1131168.
2, 3, 11783
List the prime factors of 157529.
19, 8291
List the prime factors of 11393944.
2, 17, 199, 421
What are the prime factors of 21772722?
2, 3, 41, 67, 1321
What are the prime factors of 511315?
5, 7, 2087
List the prime factors of 428323.
7, 43, 1423
What are the prime factors of 89542?
2, 44771
List the prime factors of 1095737.
139, 7883
What are the prime factors of 169631?
7, 11, 2203
What are the prime factors of 1684399?
1684399
What are the prime factors of 1999413?
3, 13, 23, 743
List the prime factors of 2542443.
3, 23, 36847
What are the prime factors of 2095284?
2, 3, 17, 10271
List the prime factors of 6916873.
6916873
What are the prime factors of 2050997?
13, 157769
List the prime factors of 2295105.
3, 5, 19, 8053
What are the prime factors of 484596?
2, 3, 7, 641
List the prime factors of 141857.
43, 3299
List the prime factors of 11395734.
2, 3, 7, 83, 467
What are the prime factors of 1265657?
1265657
What are the prime factors of 581388?
2, 3, 48449
List the prime factors of 6974654.
2, 181, 19267
List the prime factors of 5561237.
11, 53, 9539
What are the prime factors of 9656139?
3, 3218713
List the prime factors of 655052.
2, 29, 5647
List the prime factors of 11118320.
2, 5, 47, 2957
What are the prime factors of 14028?
2, 3, 7, 167
List the prime factors of 256441.
256441
List the prime factors of 434322.
2, 3, 7, 383
What are the prime factors of 253581?
3, 181, 467
What are the prime factors of 2112866?
2, 7, 150919
List the prime factors of 134809.
113, 1193
List the prime factors of 280935.
3, 5, 2081
What are the prime factors of 23461107?
3, 7820369
List the prime factors of 1969465.
5, 67, 5879
List the prime factors of 1759.
1759
List the prime factors of 112784.
2, 7, 19, 53
List the prime factors of 209014.
2, 13, 8039
List the prime factors of 3111860.
2, 5, 155593
List the prime factors of 4325505.
3, 5, 457, 631
What are the prime factors of 8425833?
3, 13, 16619
List the prime factors of 4411608.
2, 3, 47, 3911
List the prime factors of 192402.
2, 3, 7, 509
List the prime factors of 975306.
2, 3, 53, 3067
List the prime factors of 11730335.
5, 347, 6761
What are the prime factors of 